{"id":18,"date":"2015-01-20T09:42:41","date_gmt":"2015-01-20T09:42:41","guid":{"rendered":"http:\/\/cinemacentrale.com\/?page_id=18"},"modified":"2015-10-08T20:55:44","modified_gmt":"2015-10-08T20:55:44","slug":"cinepass","status":"publish","type":"page","link":"https:\/\/aristonacqui.it\/?page_id=18","title":{"rendered":"Cinepass"},"content":{"rendered":"<div class=\"my_text_sezione\">\n<div class=\"my_cerca\">\n<p><strong>CINEPASS <\/strong>\u00e8 una speciale tessera prepagata a ingressi che pu\u00f2 essere acquistata e ricaricata presso tutte le casse dei cinema DIANORAMA (Cinema Ariston, Cinema Cristallo, Cinema Centrale, Cinema Imperia e Politeama Dianese).<\/p>\n<p>Il pass pu\u00f2 essere acquistato direttamente alle casse, e da diritto a <strong>9 ingressi al cinema<\/strong> (8 a pagamento +1 offerto in omaggio all\u2019atto dell\u2019attivazione o della ricarica) presso le seguenti sale:<\/p>\n<p>*Cinema Ariston* di Acqui Terme<\/p>\n<p>*Cinema Multisala Cristallo* di Acqui Terme<\/p>\n<p>*Politeama Dianese* di Diano Marina,<\/p>\n<p>*Cinema Centrale* di Imperia Porto Maurizio e<\/p>\n<p>*Cinema Multisala Imperia* di Imperia Oneglia.<\/p>\n<p><strong>UTILIZZO<\/strong><br \/>\nLa tessera va presentata alle casse, dove l&#8217;ingresso verr\u00e0 direttamente scalato dalla tessera e verr\u00e0 consegnato un regolare biglietto.<\/p>\n<p><strong>INGRESSI RESIDUI<\/strong><br \/>\nGli ingressi residui e la scadenza della propria tessera possono essere sempre verificati online sul sito <a href=\"http:\/\/www.cinepass.it\" target=\"_blank\">www.cinepass.it<\/a> e presso le casse dei cinema.<\/p>\n<p><strong>CONDIZIONI<\/strong><br \/>\nLa tessera \u00e8 valida ogni giorno della settimana per qualsiasi spettacolo; in caso di proiezione in 3D verr\u00e0 applicata una maggiorazione indicata alle casse per ogni film. I 9 ingressi non possono essere usati contemporaneamente. La tessera \u00e8 nominativa, e pu\u00f2 essere utilizzata solo dal titolare della carta. Il valore residuo non \u00e8 rimborsabile. Non sono cumulabili pi\u00f9 ricariche sulla stessa carta contemporaneamente.<\/p>\n<p align=\"center\">*LA TESSERA HA VALIDITA&#8217;\u00a012 MESI DALLA DATA DELL\u2019ATTIVAZIONE O DELLA RICARICA*<\/p>\n<\/div>\n<\/div>\n","protected":false},"excerpt":{"rendered":"<p>CINEPASS \u00e8 una speciale tessera prepagata a ingressi che pu\u00f2 essere acquistata e ricaricata presso tutte le casse dei cinema DIANORAMA (Cinema Ariston, Cinema Cristallo, Cinema Centrale, Cinema Imperia e Politeama Dianese). Il pass pu\u00f2 essere acquistato direttamente alle casse, e da diritto a 9 ingressi al cinema (8 a \u2026 <a class=\"continue-reading-link\" href=\"https:\/\/aristonacqui.it\/?page_id=18\">Leggi tutto <span class=\"meta-nav\">&rarr; <\/span><\/a><\/p>\n","protected":false},"author":2,"featured_media":0,"parent":0,"menu_order":0,"comment_status":"closed","ping_status":"closed","template":"","meta":{"footnotes":""},"class_list":["post-18","page","type-page","status-publish","hentry"],"_links":{"self":[{"href":"https:\/\/aristonacqui.it\/index.php?rest_route=\/wp\/v2\/pages\/18","targetHints":{"allow":["GET"]}}],"collection":[{"href":"https:\/\/aristonacqui.it\/index.php?rest_route=\/wp\/v2\/pages"}],"about":[{"href":"https:\/\/aristonacqui.it\/index.php?rest_route=\/wp\/v2\/types\/page"}],"author":[{"embeddable":true,"href":"https:\/\/aristonacqui.it\/index.php?rest_route=\/wp\/v2\/users\/2"}],"replies":[{"embeddable":true,"href":"https:\/\/aristonacqui.it\/index.php?rest_route=%2Fwp%2Fv2%2Fcomments&post=18"}],"version-history":[{"count":2,"href":"https:\/\/aristonacqui.it\/index.php?rest_route=\/wp\/v2\/pages\/18\/revisions"}],"predecessor-version":[{"id":688,"href":"https:\/\/aristonacqui.it\/index.php?rest_route=\/wp\/v2\/pages\/18\/revisions\/688"}],"wp:attachment":[{"href":"https:\/\/aristonacqui.it\/index.php?rest_route=%2Fwp%2Fv2%2Fmedia&parent=18"}],"curies":[{"name":"wp","href":"https:\/\/api.w.org\/{rel}","templated":true}]}}