{"id":1245,"date":"2016-11-07T16:43:35","date_gmt":"2016-11-07T16:43:35","guid":{"rendered":"http:\/\/aristonacqui.it\/?page_id=1245"},"modified":"2017-01-21T20:14:22","modified_gmt":"2017-01-21T20:14:22","slug":"acquiteatro-20162017-2","status":"publish","type":"page","link":"https:\/\/aristonacqui.it\/?page_id=1245","title":{"rendered":"AcquiTeatro 2016\/2017"},"content":{"rendered":"<p><!--more--><\/p>\n<p style=\"text-align: center;\"><a href=\"https:\/\/aristonacqui.it\/wp-content\/uploads\/2016\/11\/Immagine.jpg\"><img loading=\"lazy\" decoding=\"async\" class=\"alignnone wp-image-1246 \" src=\"https:\/\/aristonacqui.it\/wp-content\/uploads\/2016\/11\/Immagine.jpg\" alt=\"immagine\" width=\"388\" height=\"273\" \/><\/a><\/p>\n<p><span style=\"text-decoration: underline;\"><big><strong>ABBONAMENTI<\/strong><\/big><\/span><br \/>\nABBONAMENTO per 8 spettacoli POSTO FISSO:<br \/>\nPrimi posti \u20ac 180,00<br \/>\n* Ridotto Primi Posti \u20ac 148,00<br \/>\nSecondi posti \u20ac 156,00<br \/>\n* Ridotto Secondi Posti \u20ac 124,00<br \/>\nGalleria \u20ac 128,00<br \/>\n* Ridotto Galleria \u20ac 94,00<br \/>\n<strong>La prevendita degli abbonamenti si svolger\u00e0 presso la biglietteria del Teatro Ariston e sar\u00e0 aperta durante l&#8217;orario di apertura del cinema.<\/strong><\/p>\n<p>* Gli abbonati della scorsa stagione hanno la possibilit\u00e0 di riconfermare la stessa poltrona. Tale diritto potr\u00e0 essere esercitato entro e non oltre il giorno 13 novembre 2016.<br \/>\n* Per i nuovi abbonati la prevendita inizier\u00e0 il giorno 14 novembre 2016 presso la biglietteria del Cinema Teatro Ariston.<strong><br \/>\n<\/strong><\/p>\n<p><span style=\"text-decoration: underline;\"><big><strong>BIGLIETTI<\/strong><\/big><\/span><br \/>\nPrimi posti \u20ac 28,00<br \/>\n* Ridotto Primi Posti \u20ac 23,00<br \/>\nSecondi posti \u20ac 24,00<br \/>\n* Ridotto Secondi Posti \u20ac 19,00<br \/>\nGalleria \u20ac 20,00<br \/>\n* Ridotto Galleria \u20ac 15,00<br \/>\n<strong>La prevendite dei biglietti per i singoli spettacoli inizier\u00e0 il giorno 26 novembre presso la biglietteria del Teatro Ariston e sar\u00e0 aperta durante l&#8217;orario di apertura del cinema.<\/strong><\/p>\n<p>* Per i giovani fino a 18 anni, studenti universitari fino a 25 anni e adulti oltre i 65 anni.<\/p>\n<hr \/>\n<p align=\"CENTER\"><span style=\"color: #000000;\"><span style=\"font-size: xx-large;\"><b>CARTELLONE 2016\/2017<\/b><\/span><\/span><\/p>\n<hr \/>\n<p style=\"text-align: center;\"><strong><span style=\"color: #ff0000;\"><big>LUNEDI&#8217; 5 DICEMBRE ORE 21,00<\/big><\/span><\/strong><br \/>\n<a href=\"https:\/\/aristonacqui.it\/wp-content\/uploads\/2016\/11\/1.jpg\"><img loading=\"lazy\" decoding=\"async\" class=\"alignnone size-medium wp-image-1247\" src=\"https:\/\/aristonacqui.it\/wp-content\/uploads\/2016\/11\/1-288x300.jpg\" alt=\"1\" width=\"288\" height=\"300\" \/><\/a><\/p>\n<p style=\"text-align: center;\" align=\"CENTER\"><span style=\"color: #000000;\"> <span style=\"font-family: Calibri,sans-serif;\"><span style=\"font-size: medium;\"><span style=\"font-family: Times New Roman,serif;\"><span style=\"font-size: large;\">a cura di <\/span><\/span><\/span><strong><span style=\"font-family: Times New Roman,serif;\"><span style=\"font-size: large;\">Mia Benedetta <\/span><\/span><span style=\"font-family: Times New Roman,serif;\"><span style=\"font-size: large;\">e <\/span><\/span><\/strong><span style=\"font-family: Times New Roman,serif;\"><span style=\"font-size: large;\"><strong>Francesca Comencini<\/strong><br \/>\n<\/span><\/span><span style=\"font-size: medium;\"><span style=\"font-family: Times New Roman,serif;\"><span style=\"font-size: large;\">testi liberamente tratti dalle registrazioni di <\/span><\/span><span style=\"font-family: Times New Roman,serif;\"><span style=\"font-size: large;\"><strong>Alessandro Portelli<\/strong><br \/>\nregia <\/span><\/span><span style=\"font-family: Times New Roman,serif;\"><span style=\"font-size: large;\"><strong>FRANCESCA COMENCINI<\/strong><br \/>\n<\/span><\/span><\/span><\/span><span style=\"font-family: Times New Roman,serif;\"><span style=\"font-size: large;\">con in ordine alfabetico<br \/>\n<strong>Mia Benedetta, Bianca Nappi, Carlotta Natoli, Lunetta Savino, Simonetta Solder, Chiara Tomarelli<\/strong>.<br \/>\n<\/span><\/span><span style=\"font-family: Calibri,sans-serif;\"><span style=\"font-size: medium;\"><span style=\"font-family: Times New Roman,serif;\"><span style=\"font-size: large;\">luci <\/span><\/span><span style=\"font-family: Times New Roman,serif;\"><span style=\"font-size: large;\">Gianni Staropoli<br \/>\ncostumi <\/span><\/span><span style=\"font-family: Times New Roman,serif;\"><span style=\"font-size: large;\">Paola Comencini <\/span><\/span><\/span><\/span><\/span><\/p>\n<p style=\"text-align: left;\"><em><span style=\"color: #000000; font-family: 'Times New Roman', serif;\"><span style=\"font-size: large;\">Il 23 marzo 1944 nell&#8217;attentato partigiano contro le truppe germaniche in transito in via Rasella, morirono 33 militari tedeschi. Il giorno successivo per rappresaglia i tedeschi trucidarono 335 prigionieri o rastrellati italiani, 10 per ogni tedesco pi\u00f9 cinque, tutti uomini. Centinaia di donne, madri, figlie, sorelle, mogli, compagne furono le protagoniste silenziose di quella pagina terribile della nostra storia. <\/span><\/span><span style=\"font-family: Calibri, sans-serif;\"><span style=\"font-family: 'Times New Roman', serif;\"><span style=\"color: #000000; font-size: large;\">&#8220;Tante facce della memoria<\/span><\/span><span style=\"color: #000000; font-size: medium; font-family: 'Times New Roman', serif;\"><span style=\"font-size: large;\">&#8221; racconta la storia di sei donne, partigiane e non, che vissero l&#8217;eccidio delle Fosse Ardeatine.<\/span><\/span><\/span><\/em><\/p>\n<hr \/>\n<p style=\"text-align: center;\"><strong><span style=\"color: #ff0000;\"><big>LUNED\u00cc 19 DICEMBRE ORE 21,00<\/big><\/span><\/strong><br \/>\n<a style=\"text-align: center;\" href=\"https:\/\/aristonacqui.it\/wp-content\/uploads\/2016\/11\/2.jpg\"><img loading=\"lazy\" decoding=\"async\" class=\"alignnone size-medium wp-image-1248\" src=\"https:\/\/aristonacqui.it\/wp-content\/uploads\/2016\/11\/2-291x300.jpg\" alt=\"2\" width=\"291\" height=\"300\" \/><\/a><\/p>\n<style type=\"text\/css\">\n\t<!-- @page { margin: 2cm } P { margin-bottom: 0.21cm } A:link { so-language: zxx } --><br \/>\t<\/style>\n<p style=\"text-align: center;\" align=\"CENTER\"><span style=\"font-size: large;\">scritto, diretto e interpretato da<br \/>\n<\/span><strong><span style=\"font-size: x-large;\">CLARA COSTANZO <\/span><\/strong><span style=\"color: #000000;\"><strong><span style=\"font-size: large;\">e <\/span><\/strong><span style=\"font-size: x-large;\"><strong>ROBERTO IZZO<\/strong><br \/>\n<\/span><span style=\"font-size: large;\">con la partecipazione straordinaria di un coro di bambini acquesi<\/span><\/span><\/p>\n<p style=\"text-align: left;\"><span style=\"color: #000000;\"><em>NELLA NOTTE DELLA VIGILIA, UN EVENTO STRAORDINARIO COSTRINGE TUTTI A CAMBIARE I PROPRI PROGRAMMI E RISCOPRIRE COSI&#8217; IL SIGNIFICATO DEL NATALE.<\/em> <em> UNA FAVOLA MODERNA TRA I CANTI TRADIZIONALI NATALIZI.<\/em> <\/span>Gi\u00e0 rappresentato con successo, lo spettacolo introduce nel classico clima natalizio fatto di poesia e buoni sentimenti. Pensato per un pubblico adulto, trova totale consenso anche tra i pi\u00f9 giovani. Tanti sono gli spunti di riflessione proposti, le canzoni e le emozioni suscitate,semplici ma autentiche, profonde e gioiose come il Natale richiede.<\/p>\n<hr \/>\n<p style=\"text-align: center;\"><strong style=\"text-align: center;\"><span style=\"color: #ff0000;\"><big>MARTED\u00cc 17 GENNAIO ORE 21,00<br \/>\n<a href=\"https:\/\/aristonacqui.it\/wp-content\/uploads\/2016\/11\/3.jpg\"><img loading=\"lazy\" decoding=\"async\" class=\"alignnone size-medium wp-image-1249\" src=\"https:\/\/aristonacqui.it\/wp-content\/uploads\/2016\/11\/3-292x300.jpg\" alt=\"3\" width=\"292\" height=\"300\" \/><\/a> <\/big><\/span><\/strong><\/p>\n<style type=\"text\/css\">\n\t<!-- @page { margin: 2cm } P { margin-bottom: 0.21cm } A:link { so-language: zxx } --><br \/>\t<\/style>\n<p style=\"text-align: center;\" align=\"CENTER\"><span style=\"color: #000000;\"><span style=\"font-family: Trebuchet MS,sans-serif;\"><span style=\"font-size: x-large;\"><b>Rocco Papaleo e Giovanni Esposito<br \/>\n<\/b><\/span><span style=\"font-size: medium;\"><b>di Valter Lupo \u2013 Valerio Vestoso &#8211; Rocco Papaleo \u2013 Giovanni Esposito<br \/>\n<\/b><\/span><\/span><span style=\"font-family: Arial,sans-serif;\">e con <span style=\"font-size: medium;\"><b>Francesco Accardo <\/b><\/span><\/span><\/span><span style=\"color: #000000;\"><span style=\"font-family: Arial,sans-serif;\"><span style=\"font-size: medium;\"><i>chitarra, <\/i><b>Jerry Accardo <\/b><\/span><\/span><\/span><span style=\"color: #000000;\"><span style=\"font-family: Arial,sans-serif;\"><span style=\"font-size: medium;\"><i>percussioni, <\/i><b>Guerino Rondolone <\/b><\/span><\/span><\/span><span style=\"color: #000000;\"><span style=\"font-family: Arial,sans-serif;\"><span style=\"font-size: medium;\"><i>contrabbasso, <\/i><b>Arturo Valiante <\/b><\/span><\/span><\/span><span style=\"color: #000000;\"><span style=\"font-family: Arial,sans-serif;\"><span style=\"font-size: medium;\"><i>pianoforte<br \/>\n<\/i>scene <\/span><\/span><\/span><span style=\"color: #000000;\"><span style=\"font-family: Arial,sans-serif;\"><span style=\"font-size: medium;\"><b>Sonia Peng<br \/>\n<\/b>costumi <\/span><\/span><\/span><span style=\"color: #000000;\"><span style=\"font-family: Arial,sans-serif;\"><span style=\"font-size: medium;\"><b>Eleonora Rella<br \/>\n<\/b>luci <\/span><\/span><\/span><span style=\"color: #000000;\"><span style=\"font-family: Arial,sans-serif;\"><span style=\"font-size: medium;\"><b>Luigi Marra<br \/>\n<\/b><\/span><span style=\"font-size: large;\">regia <\/span><\/span><\/span><span style=\"color: #000000;\"><span style=\"font-family: Arial,sans-serif;\"><span style=\"font-size: large;\"><b>Valter Lupo<\/b><\/span><\/span><\/span><\/p>\n<p style=\"text-align: left;\" align=\"JUSTIFY\"><span style=\"color: #000000;\"><span style=\"font-size: large;\"><i>Entrare in teatro, per me, \u00e8 come lasciare la terraferma.<br \/>\n\u00c8 solcare il mare dell\u2019immaginazione, vivere un\u2019esperienza di navigante.<br \/>\nPer questo il nostro teatro canzone questa volta vuole agire come se si trovasse su una nave, che ci trasporta insieme ai passeggeri\/spettatori per affrontare un viaggio che possa divertire e, nella migliore delle ipotesi, emozionare.<\/i><\/span><\/span><\/p>\n<p><span style=\"color: #000000;\"><span style=\"font-size: large;\"><i>Rocco Papaleo<\/i><\/span><\/span><\/p>\n<hr \/>\n<p style=\"text-align: center;\"><strong><span style=\"color: #ff0000;\"><big>LUNED\u00cc 30 GENNAIO ORE 21,00<br \/>\n<a href=\"https:\/\/aristonacqui.it\/wp-content\/uploads\/2016\/11\/4.jpg\"><img loading=\"lazy\" decoding=\"async\" class=\"alignnone size-medium wp-image-1250\" src=\"https:\/\/aristonacqui.it\/wp-content\/uploads\/2016\/11\/4-294x300.jpg\" alt=\"4\" width=\"294\" height=\"300\" \/><\/a>\u00a0<\/big><\/span><\/strong><\/p>\n<p style=\"text-align: center;\" align=\"CENTER\"><span style=\"font-size: large;\">testo e regia di <strong>Alessandro Bardani<\/strong> e <strong>Luigi Di Capua<\/strong><br \/>\ncon <strong>Giorgio Colangeli, Francesco Montanari, Maria Gorini<\/strong><br \/>\nscene Emanuela Netta Brandizzi<br \/>\ncostumi Laura Di Marco<br \/>\nluci Marco Laudando<br \/>\ncollaborazione al testo Vita Rosati<br \/>\nmusiche Deserto Rosso, Vittorio Giannelli<\/span><\/p>\n<p style=\"text-align: left;\"><em><span style=\"font-family: Times New Roman,serif;\"><span style=\"font-size: large;\">Un&#8217;obsoleta legge ancora vigente nel nostro paese, unica in Europa, vieta ai figli non riconosciuti alla nascita di venire a conoscenza dell&#8217;identit\u00e0 della madre naturale prima del compimento del centesimo anno di et\u00e0. In questa situazione paradossale si trovano i protagonisti che grazie a dialoghi freschi e un umorismo contagioso, regalano uno spettacolo divertente e toccante, spassoso e sincero.<\/span><\/span><\/em><\/p>\n<p style=\"text-align: center;\" align=\"CENTER\"><strong style=\"text-align: center;\"><span style=\"color: #ff0000;\"><big>LUNED\u00cc 13 FEBBRAIO ORE 21,00<br \/>\n<a href=\"https:\/\/aristonacqui.it\/wp-content\/uploads\/2016\/11\/5.jpg\"><img loading=\"lazy\" decoding=\"async\" class=\"alignnone size-medium wp-image-1251\" src=\"https:\/\/aristonacqui.it\/wp-content\/uploads\/2016\/11\/5-294x300.jpg\" alt=\"5\" width=\"294\" height=\"300\" \/><\/a><\/big><\/span><\/strong><br \/>\ndi Gianni Clementi<br \/>\ncon <strong><span style=\"font-size: xx-large;\">Paolo Triestino e Nicola Pistoia<\/span><\/strong><br \/>\ne con<br \/>\n<strong><span style=\"font-size: large;\">Franca Abategiovanni, Sandra Caruso, Diego Gueci<\/span><\/strong><br \/>\nRegia<br \/>\n<strong><span style=\"font-size: x-large;\">Nicola Pistoia<\/span><span style=\"font-size: x-large;\"><br \/>\n<\/span><\/strong><\/p>\n<p style=\"text-align: left;\" align=\"JUSTIFY\">Dopo il successo di \u201c Ben Hur \u201d della scorsa stagione, torna con una nuova esilarante commedia la ditta Triestino-Pistoia.<br \/>\nSiamo negli anni 50, nella sagrestia di una piccola chiesa di Pozzuoli il parroco Don Ciro cerca di risolvere i piccoli grandi problemi dei suoi fedeli: Rosa moglie di un minatore lontano ; Filomena, sua sorella, zitella illibata; Eduardo il farmacista sposato e con figli; Vincenzo il sagrestano bislacco.<br \/>\nDon Ciro fra bugie a fin di bene, piccoli innocenti ricatti, sfuriate e consigli pi\u00f9 o meno saggi riesce a risolvere ogni faccenda.<br \/>\nUna commedia divertentissima all&#8217;insegna dei buoni sentimenti e del buon gusto, adatta a un pubblico di ogni et\u00e0.<\/p>\n<p style=\"text-align: center;\"><strong><span style=\"color: #ff0000;\"><big>LUNED\u00cc 6 MARZO ORE 21,00<br \/>\n<a href=\"https:\/\/aristonacqui.it\/wp-content\/uploads\/2016\/11\/5-1.jpg\"><img loading=\"lazy\" decoding=\"async\" class=\"alignnone size-medium wp-image-1252\" src=\"https:\/\/aristonacqui.it\/wp-content\/uploads\/2016\/11\/5-1-293x300.jpg\" alt=\"5\" width=\"293\" height=\"300\" \/><\/a><br \/>\n<\/big><\/span><\/strong><span style=\"font-size: large;\">di e con <strong>Alessandro Bergonzoni<\/strong><br \/>\n<\/span><span style=\"font-size: medium;\">regia di<br \/>\n<\/span><strong><span style=\"font-size: large;\">Alessandro Bergonzoni e Riccardo Rodolfi<\/span><\/strong><\/p>\n<p><em><span style=\"font-size: medium;\">&#8220;Fate nesso con tutti, senza precauzioni&#8221;. A chi non lo conosce \u00e8 difficile spiegare la comicit\u00e0 travolgente di Alessandro Bergonzoni poich\u00e9 difficile \u00e8 costringerlo in una categoria precostituita : non \u00e8 un cabarettista, non \u00e8 un monologhista e nemmeno un artista come tutti gli altri E&#8217; il funambolo del linguaggio, l&#8217; acrobata della parola, l&#8217;equilibrista dell\u2019incredibile e dei non-sense , un personaggio imprevedibile, che rapisce con la sua impressionante capacit\u00e0 e facilit\u00e0 di usare le parole, cambiarle, trasformarle, cambiandone il significato in frasi a ripetizione con un linguaggio agilmente smontato, scardinato, riassemblato in universi surreali, onirici, vertiginosi.<\/span><\/em><\/p>\n<hr \/>\n<p style=\"text-align: center;\"><strong><span style=\"color: #ff0000;\"><big>LUNED\u00cc 20 MARZO ORE 21,00<br \/>\n<a href=\"https:\/\/aristonacqui.it\/wp-content\/uploads\/2016\/11\/5-2.jpg\"><img loading=\"lazy\" decoding=\"async\" class=\"alignnone size-medium wp-image-1253\" src=\"https:\/\/aristonacqui.it\/wp-content\/uploads\/2016\/11\/5-2-293x300.jpg\" alt=\"5\" width=\"293\" height=\"300\" \/><\/a> <\/big><\/span><\/strong><\/p>\n<style type=\"text\/css\">\n\t<!-- @page { margin: 2cm } P { margin-bottom: 0.21cm } A:link { so-language: zxx } --><br \/>\t<\/style>\n<p align=\"CENTER\"><span style=\"font-size: large;\"><strong>GIANLUCA RAMAZZOTTI ANTONIO CORNACCHIONE<\/strong><br \/>\ncon <strong>MILENA MICONI<\/strong><br \/>\n<\/span><span style=\"font-size: medium;\">di SILVAIN MEYNIAC E JEAN FRANCOIS CROS<br \/>\nversione italiana di LUCA BARCELLONA E DAVID CONATI<br \/>\ncon BIANCAMARIA LELLI<br \/>\nla partecipazione di ANTONIO CONTE<br \/>\ne con ALESSANDRO SAMPAOLI nel ruolo di Federico Faletti<br \/>\nscene di EDUARD LAUG<br \/>\ncostumi di ADELE BARGILLI<br \/>\nmusiche di SILVAIN MEYNIAC<br \/>\ndisegno luci direzione tecnica STEFANO LATTAVO STEFANO ORSINI<br \/>\nregista assistente VIRGINIA ACQUA<br \/>\nregia ERIC CIVANYAN<b> <\/b><\/span><\/p>\n<p><em>Sul punto di concludere la causa pi\u00f9 importante della sua vita, Pietro, un avvocato freddo e rigido, ossessionato dalle sue manie e dai suoi principi, si trova obbligato a dividere una lunghissima giornata con l\u2019individuo pi\u00f9 incredibile e pi\u00f9 imprevedibile che abbia mai incontrato. Un incontro improbabile che cambier\u00e0 la vita di entrambi. Una giornata, strana, assurda, dove niente va come previsto, niente \u00e8 prevedibile, dove tutto \u00e8 possibile e tutto pu\u00f2 accadere. Una commedia esilarante per un pubblico di tutte le et\u00e0.<\/em><\/p>\n<p style=\"text-align: center;\"><strong><span style=\"color: #ff0000;\"><big>MERCOLED\u00cc \u00a012 APRILE ORE 21,00<br \/>\n<a href=\"https:\/\/aristonacqui.it\/wp-content\/uploads\/2016\/11\/5-3.jpg\"><img loading=\"lazy\" decoding=\"async\" class=\"alignnone size-medium wp-image-1254\" src=\"https:\/\/aristonacqui.it\/wp-content\/uploads\/2016\/11\/5-3-293x300.jpg\" alt=\"5\" width=\"293\" height=\"300\" \/><\/a>\u00a0<\/big><\/span><\/strong><\/p>\n<p style=\"text-align: center;\" align=\"CENTER\"><strong><span style=\"color: #000000;\"><span style=\"font-size: medium;\">con <\/span><\/span><\/strong><strong><span style=\"color: #000000;\"><span style=\"font-size: large;\">Francesco Pannofino<br \/>\n<\/span><span style=\"font-size: medium;\">di Gianni Clementi<br \/>\n<\/span><span style=\"font-size: large;\">Con Andrea Lolli, Silvia Brogi, Maurizio Pepe, Filippo Lagan\u00e0, Elisabetta Clementi<br \/>\n<\/span><span style=\"font-size: medium;\">Regia Claudio Boccaccini<br \/>\n<\/span><\/span><\/strong><em><span style=\"color: #000000;\"><span style=\"font-family: Times New Roman,serif;\"><span style=\"font-size: medium;\">Una coppia borghese con un passato fatto di lotte politiche, conduce<\/span><\/span><\/span> <span style=\"font-family: Times New Roman,serif;\"><span style=\"font-size: medium;\">un\u2019esistenza improntata al politically correct, cercando di trasmettere alla figlia i valori importanti della solidariet\u00e0 e della fratellanza.<\/span><\/span><span style=\"font-family: Times New Roman,serif;\"><span style=\"font-size: medium;\">La rottura di una tubazione del bagno obbliga i coniugi a chiamare una ditta per la riparazione. La ditta \u00e8 formata da due giovani albanesi, con alle spalle una storia di viaggi su barconi fatiscenti, clandestinit\u00e0 e permessi di soggiorno.<br \/>\n<\/span><\/span><span style=\"font-family: Times New Roman,serif;\"><span style=\"font-size: medium;\">Una commedia divertente e garbata che fa riflettere sulle ipocrisie dei nostri tempi..<\/span><\/span><\/em><\/p>\n","protected":false},"excerpt":{"rendered":"","protected":false},"author":2,"featured_media":0,"parent":1121,"menu_order":0,"comment_status":"closed","ping_status":"closed","template":"","meta":{"footnotes":""},"class_list":["post-1245","page","type-page","status-publish","hentry"],"_links":{"self":[{"href":"https:\/\/aristonacqui.it\/index.php?rest_route=\/wp\/v2\/pages\/1245","targetHints":{"allow":["GET"]}}],"collection":[{"href":"https:\/\/aristonacqui.it\/index.php?rest_route=\/wp\/v2\/pages"}],"about":[{"href":"https:\/\/aristonacqui.it\/index.php?rest_route=\/wp\/v2\/types\/page"}],"author":[{"embeddable":true,"href":"https:\/\/aristonacqui.it\/index.php?rest_route=\/wp\/v2\/users\/2"}],"replies":[{"embeddable":true,"href":"https:\/\/aristonacqui.it\/index.php?rest_route=%2Fwp%2Fv2%2Fcomments&post=1245"}],"version-history":[{"count":10,"href":"https:\/\/aristonacqui.it\/index.php?rest_route=\/wp\/v2\/pages\/1245\/revisions"}],"predecessor-version":[{"id":1374,"href":"https:\/\/aristonacqui.it\/index.php?rest_route=\/wp\/v2\/pages\/1245\/revisions\/1374"}],"up":[{"embeddable":true,"href":"https:\/\/aristonacqui.it\/index.php?rest_route=\/wp\/v2\/pages\/1121"}],"wp:attachment":[{"href":"https:\/\/aristonacqui.it\/index.php?rest_route=%2Fwp%2Fv2%2Fmedia&parent=1245"}],"curies":[{"name":"wp","href":"https:\/\/api.w.org\/{rel}","templated":true}]}}